. Let v be 59 - (1 + 1 + -3). Suppose -d - 18 = -2*t + 15, 5*t = -2*d + v. What is the remainder when c is divided by t?
5
Suppose 117 = 3*p - 2*t, -3 = 2601*t - 2600*t. Suppose 3*x - 144 = x. What is the remainder when x is divided by p?
35
Let o(l) = -78*l - 27. Let a be o(-2). Let m = -124 + a. What is the remainder when 25 is divided by m?
0
Let g(n) = n + 4. Let l be g(-5). Let m be 7/1*(-6 - 240/(-35)). What is the remainder when 6 is divided by 2 - (l + m/3)?
0
Suppose 0 = 5*x - 18 - 47. Let v be 1992/18 - 2/(-6). Suppose 0*a + v = 3*a. Calculate the remainder when a is divided by x.
11
Let q = 27732 - 26745. What is the remainder when q is divided by 314?
45
Suppose 7*o - 2*o - 5 = 0. Let s be o/(-4) - 198/(-24). Calculate the remainder when (-44)/s*-12 + 4 is divided by 18.
16
Let k be (-7 + 4332)/(-5) - -3. Let w = -567 - k. Calculate the remainder when w is divided by 75.
70
Suppose 0 = 4*a + 2*d - 0*d - 32, 5*d + 20 = 0. Suppose 56 = 2*k + a*q - 12*q, -2*k = 2*q - 56. Calculate the remainder when 104 is divided by k.
20
Let d(c) = -c**2 + 10*c + 111. Let w = -508 - -502. What is the remainder when 27 is divided by d(w)?
12
Let n = -6970 - -7494. Calculate the remainder when n is divided by 53.
47
Let x(p) = -33*p - 55. Let l(b) = 66*b + 104. Let r(d) = -6*l(d) - 10*x(d). What is the remainder when r(-12) is divided by 15?
13
Suppose -2*p + 19 - 89 = 0. Let u = 87 + p. What is the remainder when u is divided by 89 + -86 + 12 + -1?
10
Let i(p) = -6*p**3 + 5*p**2 + 26. Let f = 217 - 136. What is the remainder when i(-3) is divided by f?
71
Let s = 14 + -17. Let m be 10 - 6 - (1 - s). Suppose 2*z + 5*k - 124 = m, 0*k - 144 = -3*z + 3*k. Calculate the remainder when z is divided by 28.
24
What is the remainder when 1679 is divided by 60/(6 + (-45)/10)?
39
Let i = -22118 - -22155. Suppose -10 - 70 = -4*l. What is the remainder when i is divided by l?
17
Suppose j - 16 = -p, 0 = 2*j - 7 - 1. Suppose -3*s = -p*s + 765. Calculate the remainder when 168 is divided by s.
83
Suppose 334*z - 671*z + 329*z = -7552. What is the remainder when z is divided by 13?
8
Let k = 70 + -14. Let b(u) = u**3 - 17*u**2 - u - 1700. Calculate the remainder when k is divided by b(21).
13
Let n(l) be the third derivative of -l**4/8 - 16*l**3/3 - 19*l**2 + 2. Calculate the remainder when n(-20) is divided by 1*-10*(4 + -5).
8
Suppose 0*a + 104 = 4*t + 2*a, -5*a = 10. Suppose r - t = 40. Calculate the remainder when r is divided by 12.
7
Suppose 126 = 2*o + 5*p, 0*o = o + 5*p - 58. Suppose v + 3*v = o. Suppose 0 = 3*g - 65 - 79. Calculate the remainder when g is divided by v.
14
Let r(j) = 21*j. Suppose 181*s - 308*s = -4191. Calculate the remainder when s is divided by r(1).
12
Let v = -544 + 3930. What is the remainder when v is divided by 212?
206
What is the remainder when 189 is divided by 70/(-63)*18/(-4) - -50?
24
Let n = -625 - -996. Calculate the remainder when n is divided by 73.
6
Suppose -o = v - 213, 245*v + 4*o - 216 = 244*v. Calculate the remainder when 229 is divided by v.
17
Let o = -27 - -65. What is the remainder when o is divided by 1/6 - (-1015)/210?
3
Let r(o) = -o**3 + 15*o**2 - 26*o + 3. Let f be r(13). Suppose f*s = -h + 46 - 10, -5*h = -2*s + 7. Calculate the remainder when 61 is divided by s.
6
Suppose 57 = 3*a + 24. What is the remainder when 96 is divided by 26/143 - (-31)/a?
0
Suppose -3*s + 2*v + 17 = 0, 2*v = 2*s - 2*v + 2. Suppose 14 = -r - 4*i, -12*r = -7*r + 2*i + 34. What is the remainder when -15*(62/r + 8) is divided by s?
8
Suppose 3*w - 60 = -16*d + 15*d, 0 = 3*w + 4*d - 78. What is the remainder when 67 is divided by w?
13
Let n(t) = t**3 - 7*t**2 + 7*t + 1. Let q be n(6). Suppose 4*k - g = -3*g + 28, k + g = q. Let h = -52 + 68. Calculate the remainder when h is divided by k.
2
Let r(s) = 2*s + 65. Suppose -15*f - 3*t + 9 = -10*f, 16 = 2*f - 5*t. What is the remainder when r(-26) is divided by f?
1
Suppose -66 = -327*l + 316*l. Let g(p) = 12*p - 5. Let k be g(6). What is the remainder when k/2 + 2/4 is divided by l?
4
Let j(a) = 2*a**2 + 2*a - 3. Let x be j(-2). Let m be ((-46)/4)/((x + 2)/(-186)). Suppose 9*f - m - 61 = 0. Calculate the remainder when f is divided by 44.
42
Suppose -5*j = -3*o + 179, o - 132 = -o - 3*j. What is the remainder when 176 is divided by o?
50
Let x = 176 + -167. What is the remainder when ((-3)/(x/48))/(12/(-24)) is divided by 9?
5
Let z(t) = t**3 - 5*t**2 - 18*t - 21. Calculate the remainder when z(10) is divided by 62.
51
Let p(x) be the second derivative of -x**5/4 + x**4/6 - 3*x**2/2 + x + 30. Let m = -2 - 0. Calculate the remainder when p(m) is divided by 17.
11
Suppose i - 17*r + 20*r = 40, -3*r - 266 = -8*i. Calculate the remainder when i is divided by (150/(-9))/(4/(-6)).
9
Let o = 31 - -131. Let f = -137 + o. Calculate the remainder when 53 is divided by f.
3
Let t(p) = 2*p**3 - 13*p**2 + 167*p - 673. What is the remainder when 705 is divided by t(5)?
9
Suppose 4*n = t + 2*t + 39, 3*t = -3*n + 3. Suppose 3*v + 10 = 4*l, n*v + 5*l - 30 = v. Let k(a) = 32*a + 5. What is the remainder when k(v) is divided by 12?
9
Let m = 53 - 5. Let g be 1 - 154 - (6 - 3). Calculate the remainder when m is divided by 8/(-10) + g/(-20).
6
Let n = 1499 + -138. What is the remainder when n is divided by 62?
59
Suppose 3*x + 9 = -3*q, -3*x + 3*q + 21 + 0 = 0. Suppose 5*k = -5*p + 62 + 533, -3*k - x*p = -359. Calculate the remainder when k is divided by 31.
28
Let l = 13 + 41. Let p = l - 44. Calculate the remainder when 34 is divided by p.
4
Let h = -249 - -87. Let f = h - -167. What is the remainder when 89 is divided by f?
4
Suppose 128472 - 137280 = -24*t. Calculate the remainder when 14305 is divided by t.
359
Suppose -4*c + 394 = j, 4*c + 22 = -2. What is the remainder when j is divided by 227?
191
Let y = -23284 + 23408. Calculate the remainder when y is divided by 10 + 6/(-9)*3.
4
Suppose 14*o - 40 = 19*o. What is the remainder when 139 is divided by (-2)/((-144)/27) - 373/o?
45
Let x = 537 + -533. Suppose -1585 = -x*s - 3*y, 0 = -2*s - 5*y + 2*y + 797. What is the remainder when s is divided by 11?
9
Let z(v) = v**2 + v - 2. Suppose 17 + 7 = 12*d. Suppose -d*s = 6*j - j + 33, 2*j - s + 15 = 0. What is the remainder when 115 is divided by z(j)?
35
Let v(d) = -4*d**3 + 2*d**2 - 5*d. Let x = 291319 - 291257. What is the remainder when v(-4) is divided by x?
60
What is the remainder when (-1)/7*2 + -3*18274/(-42) is divided by 73?
64
Suppose 0 = -5*a - 3*q + 7, 2*q + 20 = 2*a - 2. What is the remainder when 6/(-4)*(-26)/3 is divided by a?
3
Let s = 10736 - 10581. Suppose 0 = y + y + 5*u - 52, u = -5*y + 130. Calculate the remainder when s is divided by y.
25
Suppose -23*w + 7068 = -340 - 3080. Calculate the remainder when 1226 is divided by w.
314
Let z(h) = 13*h - 1. Let g be (-2018)/(-18) - (-1)/9*-1. Let d = g - 99. Calculate the remainder when z(3) is divided by d.
12
Suppose 7*z - 4*z + 2*l = 256, 4*z - 4*l - 328 = 0. Let d(v) = -v**3 - 5*v**2 + 5*v - 32. What is the remainder when d(-9) is divided by z?
79
Let f = 681 + -670. Calculate the remainder when (f/99 - (-110)/(-18)) + 57 is divided by 13.
12
Suppose r - 4*f - 69 = 0, 8*f = -5*r + 6*f + 367. Suppose -r*j = g - 70*j - 37, -4*g + j = -174. What is the remainder when 209 is divided by g?
37
Suppose 5*y - 68 - 27 = 0. Suppose -2*h - 42 = -4*b, -2*b - 5*h = b + 1. What is the remainder when y is divided by 6/b + (-290)/(-40)?
3
Let y(d) = d**3 - 11*d**2 + 30*d - 10. Let j be y(6). Let l(k) = k**2 + 11*k + 37. What is the remainder when 199 is divided by l(j)?
10
Let m = -63 - -94. Let u = 72 - m. Let k(y) = -5*y - 6. Calculate the remainder when u is divided by k(-4).
13
Let c = -4157 - -4204. Let v = 57 + -46. What is the remainder when c is divided by v?
3
Let b = 145 - 139. Calculate the remainder when 5 is divided by (14/b)/((-147)/(-126)).
1
Suppose 7*z = -z + 202 + 30. Suppose -2*b - 5*c = -92 - 189, 0 = 4*b + 2*c - 554. What is the remainder when b is divided by z?
22
Let y(k) = 2*k**3 - 38*k**2 - 41*k + 267. Calculate the remainder when y(20) is divided by 70.
37
Suppose 0 = -2*x + 5*w - 26 + 4, w = 0. Let l(j) be the first derivative of j**3/3 + 5*j**2 + 13*j + 1. Calculate the remainder when l(x) is divided by 13.
11
What is the 